d 26?
13
Calculate the greatest common factor of 4455 and 54.
27
Calculate the highest common factor of 28608 and 24.
24
Calculate the highest common factor of 427 and 21.
7
Calculate the greatest common factor of 1668 and 5282.
278
Calculate the greatest common divisor of 23 and 1380.
23
Calculate the highest common divisor of 176 and 8.
8
Calculate the greatest common factor of 30 and 8130.
30
Calculate the greatest common factor of 45 and 20.
5
Calculate the greatest common factor of 27 and 288.
9
Calculate the greatest common factor of 107 and 5.
1
What is the greatest common divisor of 6302 and 138?
46
What is the greatest common divisor of 86 and 1462?
86
Calculate the greatest common factor of 861 and 246.
123
What is the highest common divisor of 5 and 7?
1
Calculate the highest common factor of 117 and 26.
13
Calculate the highest common divisor of 6660 and 20.
20
Calculate the highest common factor of 21 and 153.
3
What is the greatest common divisor of 40 and 170?
10
What is the greatest common divisor of 12 and 102?
6
What is the greatest common factor of 714 and 8211?
357
Calculate the greatest common factor of 10320 and 10.
10
What is the highest common divisor of 488 and 24?
8
Calculate the greatest common divisor of 6233 and 23.
23
What is the greatest common factor of 12992 and 128?
64
Calculate the greatest common divisor of 590 and 19352.
118
What is the greatest common divisor of 230 and 4715?
115
Calculate the greatest common divisor of 7380 and 135.
45
Calculate the highest common divisor of 38 and 29906.
38
What is the greatest common factor of 1754 and 2?
2
What is the highest common factor of 428 and 1391?
107
What is the highest common factor of 944 and 48?
16
Calculate the highest common factor of 4 and 5.
1
Calculate the greatest common factor of 35152 and 208.
208
What is the highest common factor of 160 and 19440?
80
What is the highest common factor of 70696 and 8?
8
Calculate the greatest common factor of 154 and 182.
14
Calculate the highest common divisor of 252 and 4356.
36
What is the greatest common factor of 4037 and 367?
367
What is the highest common divisor of 2572 and 1?
1
What is the highest common factor of 24 and 39?
3
What is the highest common divisor of 284 and 8?
4
Calculate the highest common factor of 5011 and 1.
1
Calculate the highest common factor of 370 and 814.
74
What is the highest common divisor of 783 and 174?
87
Calculate the highest common divisor of 21 and 336.
21
What is the highest common factor of 550 and 110?
110
Calculate the highest common divisor of 369 and 54981.
369
What is the greatest common factor of 3155 and 10?
5
What is the greatest common factor of 5254 and 111?
37
What is the highest common divisor of 80 and 1360?
80
Calculate the highest common divisor of 4 and 758.
2
Calculate the greatest common divisor of 400 and 1920.
80
Calculate the highest common divisor of 60 and 100.
20
What is the greatest common divisor of 48 and 16?
16
Calculate the highest common factor of 2921 and 115.
23
What is the greatest common divisor of 36 and 1692?
36
What is the greatest common divisor of 3355 and 55?
55
What is the greatest common factor of 9 and 1233?
9
Calculate the highest common factor of 864 and 135.
27
What is the greatest common factor of 136 and 1224?
136
Calculate the greatest common factor of 1349 and 171.
19
What is the highest common divisor of 675 and 1200?
75
What is the greatest common factor of 21 and 98?
7
Calculate the greatest common factor of 39 and 338.
13
What is the highest common divisor of 54 and 126?
18
Calculate the greatest common divisor of 21 and 1344.
21
Calculate the highest common factor of 315 and 280.
35
Calculate the greatest common divisor of 384 and 108.
12
Calculate the highest common divisor of 30 and 103470.
30
Calculate the highest common divisor of 4 and 80.
4
Calculate the highest common divisor of 20 and 56.
4
Calculate the greatest common divisor of 145 and 493.
29
What is the greatest common divisor of 219 and 15549?
219
What is the greatest common divisor of 2 and 566?
2
What is the highest common divisor of 28 and 224?
28
What is the highest common divisor of 3285 and 9?
9
Calculate the highest common divisor of 704 and 11.
11
Calculate the greatest common factor of 24 and 3.
3
Calculate the greatest common divisor of 825 and 1150.
25
What is the greatest common divisor of 16 and 12?
4
Calculate the highest common factor of 1200 and 270.
30
What is the highest common factor of 60 and 10020?
60
What is the highest common divisor of 6 and 81?
3
Calculate the highest common factor of 156 and 780.
156
Calculate the highest common divisor of 24 and 12.
12
What is the greatest common factor of 39 and 2743?
13
Calculate the highest common divisor of 4640 and 145.
145
What is the greatest common factor of 36 and 31836?
12
Calculate the greatest common divisor of 130 and 290.
10
Calculate the highest common divisor of 949 and 247.
13
Calculate the greatest common divisor of 216 and 12258.
54
Calculate the greatest common divisor of 17025 and 75.
75
Calculate the highest common factor of 669 and 13826.
223
Calculate the highest common divisor of 8 and 424.
8
What is the highest common factor of 2200 and 176?
88
What is the highest common divisor of 60 and 412?
4
Calculate the greatest common divisor of 55 and 891.
11
Calculate the highest common divisor of 37 and 1591.
37
Calculate the greatest common divisor of 15 and 5.
5
What is the highest common factor of 250 and 150?
50
Calculate the greatest common factor of 2464 and 28.
28
What is the greatest common divisor of 456 and 114?
114
What is the greatest common factor of 1107 and 135?
27
Calculate the greatest common factor of 2874 and 36.
6
What is the greatest common factor of 48 and 7248?
48
Calculate the greatest common divisor of 434 and 17143.
217
Calculate the highest common divisor of 480 and 1536.
96
What is the greatest common factor of 143 and 33?
11
What is the highest common factor of 12700 and 350?
50
What is the greatest common factor of 5148 and 3042?
234
Calculate the highest common divisor of 8342 and 388.
194
What is the highest common divisor of 2366 and 546?
182
What is the greatest common divisor of 310 and 450?
10
Calculate the highest common factor of 30 and 40.
10
What is the greatest common factor of 390 and 234?
78
What is the highest common divisor of 456 and 7448?
152
What is the highest common factor of 2 and 8?
2
Calculate the highest common factor of 11400 and 75.
75
What is the greatest common factor of 484 and 44?
44
Calculate the greatest common divisor of 5614 and 56.
14
Calculate the highest common divisor of 258 and 1434.
6
What is the highest common divisor of 35 and 5880?
35
What is the highest common divisor of 4176 and 203?
29
Calculate the highest common divisor of 90 and 130.
10
What is the greatest common divisor of 407 and 1073?
37
What is the highest common divisor of 65 and 455?
65
What is the highest common divisor of 20 and 85?
5
What is the highest common divisor of 4250 and 1870?
170
What is the highest common factor of 20 and 79?
1
Calculate the greatest common factor of 8 and 390.
2
What is the greatest common divisor of 1479 and 609?
87
Calculate the greatest common factor of 230 and 5382.
46
What is the highest common divisor of 105 and 21?
21
What is the greatest common divisor of 168 and 672?
168
Calculate the greatest common divisor of 1081 and 423.
47
What is the highest common divisor of 16 and 1808?
16
Calculate the greatest common factor of 51 and 27.
3
What is the greatest common factor of 128 and 272?
16
What is the highest common factor of 7 and 2310?
7
Calculate the greatest common divisor of 2875 and 23.
23
What is the highest common divisor of 64 and 928?
32
Calculate the greatest common divisor of 2599 and 904.
113
Calculate the greatest common factor of 3078 and 162.
162
Calculate the highest common divisor of 4551 and 246.
123
What is the greatest common factor of 9559 and 158?
79
Calculate the highest common divisor of 14359 and 83.
83
Calculate the greatest common divisor of 386 and 2.
2
What is the highest common divisor of 10 and 53930?
10
Calculate the greatest common factor of 4704 and 7938.
294
Calcul